
Calculate the highest common divisor of 3328 and 384.
128
What is the greatest common divisor of 276 and 44252?
92
Calculate the greatest common divisor of 1035597 and 183.
183
Calculate the highest common factor of 1316 and 33887.
329
What is the highest common divisor of 1887432 and 216?
24
What is the greatest common factor of 4348 and 148?
4
What is the greatest common factor of 3211 and 7657?
247
Calculate the greatest common divisor of 1078 and 1358.
14
Calculate the greatest common divisor of 5868 and 144.
36
What is the highest common factor of 6059 and 1314?
73
Calculate the highest common factor of 1071 and 321623.
17
What is the highest common factor of 987 and 174510?
21
Calculate the greatest common factor of 4838 and 11446.
118
Calculate the highest common divisor of 948 and 492.
12
Calculate the greatest common factor of 55015 and 35.
5
Calculate the greatest common divisor of 3339 and 102767.
371
What is the highest common factor of 195 and 81250?
65
Calculate the highest common divisor of 4688337 and 8205.
1641
Calculate the greatest common divisor of 764136 and 96.
24
What is the greatest common divisor of 170 and 18310?
10
Calculate the greatest common factor of 76 and 11596.
4
Calculate the greatest common divisor of 1036 and 648018.
518
What is the highest common divisor of 176 and 7815984?
176
Calculate the highest common factor of 3003 and 848848.
1001
What is the highest common divisor of 36 and 43?
1
Calculate the greatest common divisor of 39 and 3484.
13
Calculate the greatest common divisor of 739900 and 6125.
1225
Calculate the greatest common factor of 28353 and 208.
13
What is the greatest common factor of 82250 and 180250?
1750
What is the greatest common divisor of 45 and 24825?
15
What is the highest common divisor of 22640 and 640?
80
What is the greatest common factor of 2172 and 168?
12
Calculate the greatest common divisor of 94 and 470.
94
Calculate the greatest common divisor of 25762 and 110.
22
Calculate the greatest common factor of 304650 and 750.
150
What is the highest common factor of 135 and 24489?
27
Calculate the highest common factor of 2732715 and 180.
45
What is the greatest common divisor of 40065 and 15?
15
What is the highest common divisor of 737 and 803?
11
Calculate the highest common factor of 9673 and 1241.
17
What is the highest common divisor of 684 and 85158?
342
What is the highest common factor of 361 and 170392?
361
Calculate the greatest common divisor of 39 and 118339.
13
Calculate the greatest common factor of 2934438 and 3978.
1326
Calculate the highest common divisor of 7126 and 11998.
14
What is the greatest common divisor of 952 and 155008?
56
Calculate the highest common factor of 2776725 and 861.
861
Calculate the greatest common factor of 23340 and 120.
60
Calculate the highest common factor of 7208 and 52576.
424
Calculate the greatest common divisor of 630322 and 462.
154
Calculate the highest common divisor of 64250 and 20.
10
Calculate the highest common divisor of 19339 and 4233.
83
Calculate the highest common factor of 935 and 880.
55
Calculate the greatest common factor of 4619660 and 114.
38
What is the greatest common divisor of 1141 and 77?
7
What is the highest common factor of 1492751 and 26?
13
What is the highest common factor of 407302 and 470?
94
What is the greatest common divisor of 582538 and 88?
22
What is the highest common divisor of 4956 and 3612?
84
Calculate the highest common divisor of 436 and 1919054.
218
Calculate the greatest common divisor of 24187 and 5054.
361
What is the greatest common divisor of 1578 and 438?
6
What is the greatest common divisor of 274407 and 19491?
219
What is the highest common divisor of 1128 and 68526?
282
What is the greatest common factor of 9584 and 432?
16
What is the highest common divisor of 333 and 703?
37
Calculate the greatest common factor of 330 and 12570.
30
What is the highest common divisor of 1575 and 119385?
315
Calculate the highest common factor of 329985 and 30.
15
Calculate the highest common divisor of 22790 and 6450.
430
What is the greatest common divisor of 303 and 216?
3
What is the highest common divisor of 222 and 62382?
222
What is the highest common factor of 28040 and 480?
40
What is the highest common divisor of 2439 and 2862?
9
Calculate the greatest common divisor of 50 and 3530.
10
What is the highest common factor of 233168 and 3344?
304
What is the greatest common factor of 593 and 2287201?
593
Calculate the highest common factor of 27246 and 54970.
478
Calculate the highest common factor of 4021864 and 616.
616
Calculate the greatest common divisor of 3760 and 18280.
40
Calculate the highest common divisor of 10 and 17730.
10
What is the greatest common divisor of 66255 and 525?
105
What is the highest common factor of 1809783 and 243?
81
What is the highest common divisor of 96 and 84948?
12
Calculate the greatest common divisor of 237 and 137934.
237
What is the highest common divisor of 21 and 5481?
21
What is the greatest common factor of 559592 and 88?
88
What is the highest common factor of 193158 and 24?
6
Calculate the highest common divisor of 476050 and 50.
50
What is the highest common divisor of 2425000 and 776?
776
What is the greatest common factor of 1683 and 5423?
187
What is the greatest common factor of 157150 and 3850?
350
Calculate the greatest common divisor of 7525 and 567525.
175
What is the greatest common factor of 282 and 304560?
282
What is the highest common divisor of 12624 and 528?
48
What is the greatest common divisor of 18 and 155658?
6
Calculate the highest common factor of 198 and 237468.
66
What is the greatest common factor of 110 and 108660?
10
What is the highest common factor of 25 and 13535?
5
What is the greatest common divisor of 32 and 1037152?
32
Calculate the greatest common divisor of 40 and 174536.
8
Calculate the highest common factor of 52 and 124475.
13
What is the greatest common factor of 65 and 3463135?
65
Calculate the greatest common factor of 24222 and 858.
66
Calculate the highest common divisor of 12486 and 30.
6
What is the highest common factor of 40 and 2685560?
40
What is the greatest common factor of 32682 and 78?
78
What is the greatest common factor of 2329 and 1717?
17
Calculate the highest common divisor of 4 and 7468.
4
Calculate the greatest common factor of 20933 and 3542.
11
Calculate the greatest common divisor of 32 and 2114912.
32
What is the highest common divisor of 1770 and 135?
15
Calculate the greatest common factor of 437 and 3298913.
437
What is the highest common divisor of 340316 and 1713?
571
Calculate the greatest common factor of 1182 and 38994.
6
Calculate the greatest common factor of 9288 and 1061240.
344
Calculate the greatest common divisor of 1032 and 1404552.
1032
Calculate the highest common factor of 81984 and 320.
64
Calculate the highest common divisor of 123 and 43911.
123
Calculate the highest common factor of 820 and 738.
82
Calculate the greatest common factor of 3496 and 1152.
8
Calculate the highest common factor of 282 and 1598.
94
Calculate the highest common divisor of 12192 and 3937.
127
What is the greatest common factor of 24 and 2126478?
6
Calculate the greatest common divisor of 565550 and 50.
50
What is the greatest common divisor of 99 and 48213?
99
Calculate the greatest common factor of 3873 and 69.
3
What is the greatest common factor of 2590 and 103082?
518
Calculate the greatest common factor of 855 and 15675.
285
What is the greatest common divisor of 13317 and 5037?
69
Calculate the highest common factor of 135 and 73.
1
What is the greatest common divisor of 3609 and 45?
9
Calculate the greatest common divisor of 3536 and 465712.
208
Calculate the greatest common divisor of 1353 and 1947.
33
Calculate the greatest common divisor of 335755 and 1325.
265
What is the greatest common factor of 85113 and 15440?
193
What is the greatest common divisor of 3198120 and 5220?
1740
What is the highest common factor of 241486 and 188?
94
Calculate the greatest common factor of 4263 and 11907.
147
Calculate the greatest common factor of 4578 and 117393.
327
What is the highest common divisor of 2156070 and 210?
210
Calculate the greatest common divisor of 17261